lculate the highest common divisor of 78 and r.
2
Suppose 44784 = 55*z + 7879. Calculate the greatest common factor of z and 22.
11
Suppose -2224 = -19*a + 15*a. Suppose -a = -5*u - 3*y, 0 = 5*u - 3*u + y - 222. Calculate the greatest common factor of 40 and u.
10
Let n be -10 - (-3681 - (3 - -9)). What is the greatest common divisor of 58 and n?
29
Let r = 704 + -362. Let o be ((-144)/(-104))/(-9) - r/(-26). Calculate the greatest common factor of o and 975.
13
Suppose -5*t + 3*t + 3249 = 5*q, -4*q - 3*t + 2595 = 0. Let h = 59 - 38. Calculate the greatest common divisor of q and h.
21
Suppose -4*r + 3*j = 16 - 68, -5*r = -2*j - 51. Calculate the greatest common divisor of 3703 and r.
7
Let j(f) = 1387*f - 15559. Let o be j(12). Calculate the highest common factor of 14 and o.
7
Suppose 152079 = -2389*a + 2409*a - 35361. What is the highest common divisor of 132 and a?
132
Let h(q) = 8*q**2 - 2*q. Let b be h(-2). Suppose -33*u + 896 - 153 = -742. What is the greatest common factor of b and u?
9
Suppose -5*g + 4*k + 65895 = 0, -818*g + 822*g + 3*k = 52716. What is the greatest common divisor of 23 and g?
23
Let a be (3280 + 4)*(15 - (-8 + 21)). Calculate the highest common factor of 8 and a.
8
Let l = 57 + -19. Let m be (5 + l/(-3))*-72. What is the highest common divisor of 24 and m?
24
Let y = 7 - 4. Let w = -4786 + 4861. Calculate the highest common divisor of y and w.
3
Let h = 120 + -120. Suppose h = 3*b - 17 - 133. Let k = b + -22. Calculate the highest common divisor of 8 and k.
4
Suppose -5*y = -6*y - 2*t + 6, t = 3. Suppose 4*q + y*q = 8. Suppose -q*c + 195 = -45. Calculate the greatest common factor of c and 24.
24
Suppose -5*n + 5*g = -19405, 5*n + 42*g - 46*g = 19409. Calculate the greatest common divisor of 30 and n.
15
Suppose 0 = 2*m - 3*m + 31. Suppose 0 = 22*f - 18*f - q - 123, 3*q - 79 = -2*f. Suppose -f*t + 55 = -6889. Calculate the greatest common factor of m and t.
31
Let y be -5*(6 + -9)/3. Let g(k) = k**3 - 4*k**2 - 18*k + 19. Let d be g(7). What is the greatest common factor of y and d?
5
Let r be (-4 - -8) + 4/8*-2. Let n be (12/7)/(r + (-1924)/644). What is the highest common divisor of 207 and n?
69
Suppose -5*l - 139 = -489. Suppose 4*x - 53 + 523 = 9*j, x + 105 = 2*j. Calculate the highest common divisor of l and j.
10
Let f be (2 - 1)/((-8)/(-88)). Let o be f/(3/(-9)*-3). Let t be 2/o + (42/11 - -3). What is the highest common factor of 91 and t?
7
Suppose -4*z = -8, 0 = -2*v + z + 9 + 5. Suppose 5698 = 140*f + 1184 - 1086. What is the greatest common factor of f and v?
8
Suppose 3*y - 4*m + 57 = -20, 5*m - 130 = 5*y. Let u = 30 + y. Suppose u*q = 72 + 93. Calculate the greatest common divisor of 11 and q.
11
Let r be (105/(-6))/(2/(-4)). Suppose -6678*d + 6654*d + 897 - 57 = 0. Calculate the greatest common divisor of d and r.
35
Let g = 228 - 213. Suppose 2*d + g - 43 = 0. Calculate the greatest common factor of d and 133.
7
Let w be 0/((20 - 2)/(-6)). Suppose -f - 90 + 234 = w. Calculate the highest common factor of f and 16.
16
Let j(b) = b**3 - 2*b**2 - 5*b. Let g be j(5). Let n be 3/(((-3 - 1)/16)/(70/(-12))). Calculate the highest common divisor of n and g.
10
Let u = -5660 - -5680. Calculate the highest common divisor of u and 430.
10
Suppose g - 31 + 52 = 3*k, -3*g = -4*k + 23. Calculate the greatest common factor of k and 232.
8
Let l(s) = 3*s - 23. Let a be l(6). Let o be (a/3)/(((-35)/336)/5). Let i = -59 + o. Calculate the highest common factor of i and 105.
21
Suppose 54*r - 169 = 317. Let h be ((-54)/15)/((-2)/5). What is the greatest common divisor of r and h?
9
Let q(c) = -c**3 - 8*c**2 + 18*c + 16. Let p be q(-10). Suppose -31*b - 40 = -p*b. Suppose b*d - 1089 = -3*d. What is the highest common factor of 11 and d?
11
Let d = 2603 + -402. Calculate the greatest common factor of 31 and d.
31
Let f(b) = 29*b**2 + 118*b + 9. Let i be f(-5). What is the highest common divisor of 792 and i?
72
Let u = 294 - 24. Let f be 80/6*(-2 - 272/(-64)). What is the highest common factor of u and f?
30
Let t be (0 - -5) + (1 - 0). Suppose t*n - 235 = 125. Calculate the highest common divisor of 45 and n.
15
Let q(v) = -4*v - 104. Let d be q(-27). Let p be 6/(-5)*(-40)/24*d. Calculate the highest common divisor of 6 and p.
2
Let o = 174 + -166. Suppose o*k - 1677 = -277. What is the greatest common divisor of k and 25?
25
Let s = 836 + -830. Suppose -2*o - 4 = -j, -3*o = -j - s + 7. What is the greatest common divisor of 4 and j?
2
Suppose -315*t - 128 = -319*t. Let z(v) = -2*v - 8. Let m be z(-6). What is the greatest common factor of m and t?
4
Let x(d) be the first derivative of -23/4*d**4 - d**2 + 0*d + 1/3*d**3 + 17. Let w be x(-2). What is the greatest common factor of w and 48?
48
Suppose -4*w + 29981 = -o, 0 = -6*w + 5*w + o + 7499. What is the highest common divisor of 6 and w?
6
Let k(w) = -w + 14. Let c be k(-10). Suppose -2 = 2*y - 5*d + 4*d, -18 = 2*y - 5*d. Let v be y + 12/(-4) - c/(-2). What is the highest common factor of v and 5?
5
Suppose -5*i - 6*o + 99 = -0, -2*i = o - 41. What is the highest common factor of 357 and i?
21
Suppose 0 = 3*s + 5*u - 651, -2*u + 390 = 2*s - 6*u. What is the greatest common divisor of 31257 and s?
207
Suppose 0 = 4*h + 32, -780*f + 783*f = -h + 2032. Calculate the greatest common factor of 11832 and f.
136
Suppose -11*h - f + 43682 = -7*h, 5*h - 54577 = 3*f. What is the greatest common factor of 537 and h?
179
Let d be 15*(-187)/(-3)*4. Suppose -44*c + 40*c + d = 0. Calculate the highest common factor of 17 and c.
17
Let w(p) be the first derivative of -p**4/4 - 5*p**3/3 - 2*p**2 + 6*p - 10. Let l be w(-5). What is the highest common factor of l and 182?
26
Let i(c) = -c**2 + 17*c - 77. Let g be i(25). Let b = g - -317. Calculate the greatest common factor of 100 and b.
20
Suppose -6*y + z = -148, 1378*y + 104 = 1382*y - 2*z. Let p be (-2 - -17)*(-14)/(-5). Calculate the greatest common divisor of p and y.
6
Let q = 35099 - 27517. What is the highest common factor of 136 and q?
34
Let q(d) = 3*d**2 + 5*d**2 - 3 - 7*d + 17*d - 5*d. Let p be q(1). Let r be p/15 - ((-100)/3 + -2). What is the greatest common divisor of 12 and r?
12
Suppose -13*t + 15963 = 4*t. Calculate the greatest common factor of t and 3.
3
Suppose 75 = -98*w + 113*w. Let i(o) = 3*o**2 + 3*o - 3. Let v be i(-4). Suppose 0 = w*r + v - 43. What is the greatest common factor of 4 and r?
2
Let y = -3628 - -3648. Let o = 129 - 49. What is the greatest common factor of y and o?
20
Suppose 3*y - 60627 = -8*j + 12588, 3*y = 4*j + 73215. Calculate the greatest common factor of 15 and y.
15
Suppose 0 = -180*n - 101 - 31 + 1392. Let p be 34/8 - 1/4. Let c be 14/2*(p - 2). Calculate the greatest common factor of n and c.
7
Let o = -58 + 67. Let c(y) = 10*y**2 - 9*y - 3. Let t be c(o). Suppose 0 = -0*f + 6*f - t. Calculate the greatest common factor of f and 11.
11
Suppose -2*h + 3*n + 2134 = 0, 3*h + 14*n = 11*n + 3171. Suppose 25*j + h = 3986. What is the greatest common divisor of 78 and j?
39
Let f = 71 - 73. Suppose 0*h = -3*h - 2*g - 21, -13 = 5*h - 4*g. Let o be f/(h + 320/65). What is the greatest common divisor of o and 52?
26
Suppose 3*y = -6 + 21. Let p be (9 + -47)*(-215)/86. Calculate the greatest common divisor of p and y.
5
Let b be 4 - (3 + (-4)/2 + -15). Let v = 6 + -5. Let f be v*15*6/2. Calculate the greatest common divisor of b and f.
9
Suppose -s + 109 = 547. Let h be 0 - (-9)/6 - s/4. Suppose 42 = 2*u - 32. What is the greatest common factor of h and u?
37
Let i = 2508 - 2383. What is the greatest common divisor of 10975 and i?
25
Let v(j) = -j**2 + 258*j - 1000. Let i be v(4). Let r be ((-14)/(-6))/((-2)/(-12)). Let h = 10 + r. What is the greatest common factor of i and h?
8
Suppose 13*q - 31 = -60*q + 115. Let g = 300 + -194. What is the highest common divisor of q and g?
2
Suppose -4597 = 5*t - 2*g, -5*t - 7571 + 2973 = -3*g. Let a = t - -1259. Calculate the highest common divisor of 425 and a.
85
Let p be (-51)/255 + (-326)/(-5). What is the highest common divisor of 13 and p?
13
Let c be (-5)/(-1) + (0 - (-8 - -5)). Suppose -k + c = 7*k. Let r be 4*(-2)/4*-2. Calculate the greatest common divisor of k and r.
1
Let z be 84/112 - (-13)/4. Suppose 2*d + 4*a - 2*a = z, 3*a + 22 = d. Wh